prime factors of 61810?
2, 5, 7, 883
List the prime factors of 493.
17, 29
What are the prime factors of 74550?
2, 3, 5, 7, 71
What are the prime factors of 803?
11, 73
What are the prime factors of 144334?
2, 72167
What are the prime factors of 2497?
11, 227
List the prime factors of 26934.
2, 3, 67
List the prime factors of 4321.
29, 149
What are the prime factors of 9222?
2, 3, 29, 53
What are the prime factors of 3117?
3, 1039
What are the prime factors of 1611?
3, 179
List the prime factors of 516.
2, 3, 43
What are the prime factors of 38865?
3, 5, 2591
What are the prime factors of 1200?
2, 3, 5
List the prime factors of 988.
2, 13, 19
List the prime factors of 18573.
3, 41, 151
List the prime factors of 4864.
2, 19
What are the prime factors of 976?
2, 61
What are the prime factors of 4443?
3, 1481
What are the prime factors of 1414?
2, 7, 101
List the prime factors of 1519.
7, 31
List the prime factors of 7622.
2, 37, 103
What are the prime factors of 4474?
2, 2237
What are the prime factors of 2663?
2663
List the prime factors of 9996.
2, 3, 7, 17
List the prime factors of 3787.
7, 541
What are the prime factors of 4258?
2, 2129
List the prime factors of 1690.
2, 5, 13
What are the prime factors of 194560?
2, 5, 19
What are the prime factors of 1654?
2, 827
What are the prime factors of 590?
2, 5, 59
List the prime factors of 2377.
2377
What are the prime factors of 131?
131
What are the prime factors of 4926?
2, 3, 821
List the prime factors of 16331.
7, 2333
What are the prime factors of 804?
2, 3, 67
List the prime factors of 34582.
2, 17291
What are the prime factors of 5650?
2, 5, 113
List the prime factors of 2859.
3, 953
What are the prime factors of 4328?
2, 541
List the prime factors of 38660.
2, 5, 1933
What are the prime factors of 79755?
3, 5, 13, 409
List the prime factors of 34832.
2, 7, 311
What are the prime factors of 27933?
3, 9311
What are the prime factors of 21799?
21799
What are the prime factors of 18388?
2, 4597
What are the prime factors of 888?
2, 3, 37
What are the prime factors of 1183?
7, 13
What are the prime factors of 688?
2, 43
List the prime factors of 7423.
13, 571
What are the prime factors of 209?
11, 19
List the prime factors of 75083.
75083
What are the prime factors of 75?
3, 5
What are the prime factors of 2569?
7, 367
List the prime factors of 2066.
2, 1033
List the prime factors of 26754.
2, 3, 7, 13
What are the prime factors of 2582?
2, 1291
What are the prime factors of 90?
2, 3, 5
List the prime factors of 68371.
68371
What are the prime factors of 1766?
2, 883
List the prime factors of 2244.
2, 3, 11, 17
What are the prime factors of 8266?
2, 4133
List the prime factors of 61564.
2, 15391
What are the prime factors of 51750?
2, 3, 5, 23
What are the prime factors of 1412?
2, 353
List the prime factors of 126277.
197, 641
What are the prime factors of 15303?
3, 5101
What are the prime factors of 34675?
5, 19, 73
List the prime factors of 41040.
2, 3, 5, 19
What are the prime factors of 2464?
2, 7, 11
What are the prime factors of 50709?
3, 16903
List the prime factors of 18900.
2, 3, 5, 7
What are the prime factors of 75108?
2, 3, 11, 569
List the prime factors of 1767.
3, 19, 31
What are the prime factors of 2074?
2, 17, 61
What are the prime factors of 134887?
134887
What are the prime factors of 696?
2, 3, 29
What are the prime factors of 48165?
3, 5, 13, 19
List the prime factors of 15614.
2, 37, 211
What are the prime factors of 8296?
2, 17, 61
List the prime factors of 62842.
2, 13, 2417
What are the prime factors of 7174?
2, 17, 211
What are the prime factors of 4922?
2, 23, 107
What are the prime factors of 13854?
2, 3, 2309
List the prime factors of 47267.
11, 4297
List the prime factors of 37979.
163, 233
What are the prime factors of 65039?
13, 5003
What are the prime factors of 2250?
2, 3, 5
What are the prime factors of 1781?
13, 137
List the prime factors of 804.
2, 3, 67
List the prime factors of 199.
199
List the prime factors of 149800.
2, 5, 7, 107
List the prime factors of 4462.
2, 23, 97
List the prime factors of 4409.
4409
What are the prime factors of 42724?
2, 11, 971
What are the prime factors of 10233?
3, 379
What are the prime factors of 1639?
11, 149
List the prime factors of 791.
7, 113
List the prime factors of 1461.
3, 487
What are the prime factors of 1932?
2, 3, 7, 23
What are the prime factors of 10039?
10039
List the prime factors of 5382.
2, 3, 13, 23
List the prime factors of 7236.
2, 3, 67
List the prime factors of 1456.
2, 7, 13
List the prime factors of 64810.
2, 5, 6481
What are the prime factors of 2094?
2, 3, 349
List the prime factors of 15697.
11, 1427
List the prime factors of 26275.
5, 1051
What are the prime factors of 75615?
3, 5, 71
List the prime factors of 22483.
22483
What are the prime factors of 17309?
19, 911
List the prime factors of 6004.
2, 19, 79
What are the prime factors of 1019?
1019
What are the prime factors of 2752?
2, 43
List the prime factors of 1047.
3, 349
List the prime factors of 912.
2, 3, 19
List the prime factors of 349.
349
List the prime factors of 26618.
2, 13309
List the prime factors of 3892.
2, 7, 139
List the prime factors of 3356.
2, 839
List the prime factors of 8715.
3, 5, 7, 83
What are the prime factors of 16?
2
List the prime factors of 1046.
2, 523
List the prime factors of 10102.
2, 5051
What are the prime factors of 7584?
2, 3, 79
List the prime factors of 6492.
2, 3, 541
List the prime factors of 8660.
2, 5, 433
What are the prime factors of 7351?
7351
What are the prime factors of 5914?
2, 2957
List the prime factors of 123906.
2, 3, 107, 193
List the prime factors of 8407.
7, 1201
List the prime factors of 5205.
3, 5, 347
List the prime factors of 4725.
3, 5, 7
List the prime factors of 10000.
2, 5
List the prime factors of 12236.
2, 7, 19, 23
What are the prime factors of 16437?
3, 5479
List the prime factors of 171187.
29, 5903
List the prime factors of 4191.
3, 11, 127
What are the prime factors of 2109?
3, 19, 37
List the prime factors of 7512.
2, 3, 313
List the prime factors of 6676.
2, 1669
List the prime factors of 65988.
2, 3, 13, 47
What are the prime factors of 29521?
53, 557
List the prime factors of 5186.
2, 2593
List the prime factors of 7854.
2, 3, 7, 11, 17
What are the prime factors of 47519?
19, 41, 61
What are the prime factors of 2761?
11, 251
List the prime factors of 62423.
62423
What are the prime factors of 9782?
2, 67, 73
What are the prime factors of 2324?
2, 7, 83
List the prime factors of 3771.
3, 419
What are the prime factors of 61?
61
What are the prime factors of 36237?
3, 47, 257
What are the prime factors of 93227?
53, 1759
List the prime factors of 77791.
7, 11113
List the prime factors of 114.
2, 3, 19
List the prime factors of 6494.
2, 17, 191
List the prime factors of 143730.
2, 3, 5, 1597
List the prime factors of 1450.
2, 5, 29
List the prime factors of 1345.
5, 269
List the prime factors of 822.
2, 3, 137
List the prime factors of 1222.
2, 13, 47
List the prime factors of 931.
7, 19
List the prime factors of 1609.
1609
List the prime factors of 44828.
2, 7, 1601
What are the prime factors of 59021?
59021
List the prime factors of 124.
2, 31
What are the prime factors of 507?
3, 13
What are the prime factors of 1707?
3, 569
What are the prime factors of 733?
733
What are the prime factors of 25615?
5, 47, 109
What are the prime factors of 7425?
3, 5, 11
What are the prime factors of 3162?
2, 3, 17, 31
What are the prime factors of 1143?
3, 127
List the prime factors of 8130.
2, 3, 5, 271
List the prime factors of 1077.
3, 359
List the prime factors of 2387.
7, 11, 31
What are the prime factors of 8810?
2, 5, 881
What are the prime factors of 12561?
3, 53, 79
What are the prime factors of 4959?
3, 19, 29
List the prime factors of 13074.
2, 3, 2179
List the prime factors of 624.
2, 3, 13
List the prime factors of 5030.
2, 5, 503
List the prime factors of 1665.
3, 5, 37
What are the prime factors of 6292?
2, 11, 13
List the prime factors of 10202.
2, 5101
List the prime factors of 18291.
3, 7, 13, 67
List the prime factors of 740.
2, 5, 37
List the prime factors of 1167.
3, 389
List the prime factors of 4420.
2, 5, 13, 17
What are the prime factors of 149